 i(y) = 3*y + y**3 + 10*y**2 - 6*y**2 + 2*y**2 - 3 + 5. What is the units digit of i(f)?
2
Suppose -3 = -4*b + 13. Suppose 4*u + 36 = -b*f, -2*u - 3*f = 2*f + 9. Let a = -8 - u. What is the units digit of a?
4
Let p(y) = 2*y**2. Suppose 3*j + 22 = 4*o, -4*o + 4*j = -0*j - 24. Let x = o + -5. What is the units digit of p(x)?
2
Let f = 12 + 22. Suppose -3*o - 13 = 3*m - f, 5*m = 4*o - 10. What is the units digit of o?
5
Let k(t) = 8*t**2 - 3*t - 1. Let p be k(-2). Suppose -2*b + y = p - 2, 0 = -5*b + y - 83. What is the units digit of (-140)/b - 1/(-4)?
9
Let j = -26 + 58. What is the tens digit of j?
3
Let u = 56 + 32. What is the tens digit of u?
8
Let l be 297/3*1/3. Suppose 9 = -3*i + 2*i - 5*s, -5*i + l = -s. What is the units digit of i?
6
Let c(k) = -k**2 + 7*k - 1. Let g(x) = -2*x - 5. Let j be g(-5). What is the units digit of c(j)?
9
Suppose -2*d + 4*d - 4 = 0. Suppose d*n - 3*n = -2. Let w(o) = o**2 - 3*o + 3. What is the units digit of w(n)?
1
Let t(z) = -z + 2. Let g be t(0). Suppose -g*b + 3 = -1. Suppose -b*f + 15 = f. What is the units digit of f?
5
Let m(z) = z + 8. Let n be m(-4). Suppose -j = -3*p + 1, 5*p = n*j + 1 - 11. Suppose 0 = f + 3*s - 2, -p*s + 0*s = -2*f + 20. What is the units digit of f?
8
Let x(v) = -v**3 + v**2 + 30. Let s be x(0). What is the units digit of (2 - (2 + -1)) + s?
1
Let h be 1 + (0 - -1 - -10). Let k = h + -7. What is the units digit of k?
5
Let i = 55 - 34. What is the units digit of 440/28 + 6/i?
6
Let y be (-13)/(-3) + (-12)/(-18). Suppose 0 = -4*t - b + y, 3 + 0 = 3*b. What is the units digit of t?
1
Suppose 3*v = -0*v + 60. Suppose -3*k + v = 2*k. What is the units digit of k?
4
Let n(r) = -14*r - 3. Let y be n(-10). Suppose 4*g + s - y = 0, 85 = 3*g - g - 5*s. What is the units digit of g?
5
What is the units digit of 2/((-43)/(-14) + -3)?
8
Let q(l) = -3*l**3 + l**2 + 4*l - 10. What is the units digit of q(-3)?
8
Let j be (48/15)/((-1)/(-10)). Suppose -5*i + 3*a = 7 + j, -3*i + 2*a = 24. Let q(l) = -2*l - 9. What is the units digit of q(i)?
3
Let j(h) = h**2 + 28. Let m be j(0). Let y be 128/7 + (-8)/m. What is the units digit of 16/6*y/4?
2
Let b(j) = 13*j + 2. Let o be b(2). Suppose 0*x = 3*x + 5*z - o, -z + 6 = x. What is the units digit of x?
1
Let x be -2*(-1)/2 + 16. Let r(w) = -w**3 + 5*w**2 - 3*w + 6. Let m be r(5). Let n = m + x. What is the units digit of n?
8
Let k(u) = u**3 + u**2. Let q be k(0). Suppose q*g - g = -2. Let i(j) = 3*j + 1. What is the units digit of i(g)?
7
Suppose -5*v - 26 = -191. Suppose -3*d + v - 3 = 0. Let l = d + -6. What is the units digit of l?
4
Suppose 15 = 5*n - 5*q, -3*q = -n + 2*q + 7. Let r = n + 15. What is the tens digit of r?
1
Let z(g) = g**2 - 7. What is the units digit of z(-8)?
7
Let m = 63 + -37. What is the units digit of m?
6
Let f = 31 - 28. What is the units digit of f?
3
Suppose 0 = -z + 3*j - 15, 4*z - 5*j + 28 = -j. Let c be (0/1)/(5 + z). Suppose 0*f - 4*f + 68 = c. What is the tens digit of f?
1
Suppose -4*n = -3*p - 264, 0 = -2*p - 3*p + 20. What is the units digit of n?
9
Let c(y) = -y**2 + 8*y. Let s be c(8). Let b be (s/1)/(-1) + -27. Let h = 38 + b. What is the units digit of h?
1
Let z = 24 - 7. Suppose -10 = 10*f - 5*f. Let m = f + z. What is the tens digit of m?
1
Let l be (-2 + 5)/3 + 3. Suppose 0 = 5*h + 3*q - 13, 0 = -l*h - 7*q + 2*q. What is the units digit of h?
5
Suppose -3*x = 4*n - 8, 3*n + n - 3*x = 8. Suppose 2*a - 4*a + n = 0. What is the units digit of a?
1
What is the tens digit of (4/12)/((-8)/(-1128))?
4
Suppose 2*s - 4*j - 7 = 3*s, -s + 29 = -5*j. Suppose s = -u + 4*u. Suppose 0 = g - 3, 3*k - 30 = -u*g - 2*g. What is the units digit of k?
5
Let m = 13 - 8. What is the units digit of 2*(3 + m/(-2))?
1
What is the units digit of -6*(-3)/6 - -6?
9
Let k(g) = 3*g**3 + 4*g + 3*g**2 + 2*g**2 - 1 - 2*g**3 + 2. What is the units digit of k(-4)?
1
Suppose -l - 2*g + 21 = 9, l + 3*g = 17. Suppose -3*y = -4*n - 20, l*n + 3*y + 0 - 8 = 0. What is the units digit of 6/3 - 6/n?
5
Let i(n) = -2*n**3 + 3*n**2 + 2*n + 3. Let j be i(-4). Suppose 27 = x - 2*d, 0*x + 2*d - j = -5*x. What is the tens digit of x?
3
Let r = -5 - -7. Suppose -r*n = 3*n - 25. What is the units digit of n?
5
Let i be ((-2)/4)/((-1)/6). Let r = -6 - -6. Suppose r = -i*m + j + 61, 0*m + 2*j = 5*m - 103. What is the tens digit of m?
1
Suppose -r + 0 = -6. What is the units digit of r?
6
Let s(h) = h + 2. What is the units digit of s(4)?
6
Suppose -o + 245 = -2*n, -473 = -4*o + n + 493. What is the hundreds digit of o?
2
Suppose -3*f + 8*f = 15. Let r = -2 + f. Let k = 10 - r. What is the units digit of k?
9
Let c(y) = y**3 + 6*y**2 - 2*y - 12. Let q be c(-6). Suppose -2*d = -u - 4 - 7, -2*d - 4*u = -6. Let v = q + d. What is the units digit of v?
5
Suppose -5*z - 3*c = 2, 3*z + 4 = 5*c + 30. Suppose 5*y = z*y. Let x(m) = -m**3 + m**2 - m + 7. What is the units digit of x(y)?
7
Suppose -3*o + 7*i - 75 = 3*i, 5*o - 2*i + 111 = 0. Let f be (2 - o/9)*6. Suppose 0 = 2*m + b - 12 - 10, b = 2*m - f. What is the tens digit of m?
1
Suppose -5*i + 9*i - 76 = 0. What is the units digit of i?
9
Suppose 0 = 2*x - 43 - 17. What is the tens digit of x?
3
Let d(t) = -2*t + 1. Let i be d(-7). Suppose -5*j + i = -2*g, 22 = 4*j + 2*g - 8. What is the units digit of j - -1 - (-4 - -6)?
4
Let t = -81 + 107. What is the tens digit of t?
2
Let o(l) = -6*l + 14. What is the tens digit of o(-9)?
6
Let t(f) = -14*f**3 - 2*f**2 + f + 2. Let v be t(-2). Suppose -4*o - m = -88 - 31, -v = -4*o - 4*m. What is the tens digit of o?
3
Let h(d) = 8 + 2*d**3 - 4*d**3 + 2*d**3 - d**3 + d + d**2. What is the units digit of h(0)?
8
Let j(z) = -z**3 - 7*z**2 - 4*z + 4. Suppose 20 + 10 = -5*p. Let u be j(p). What is the tens digit of u*(0 + (-2 - 0))?
1
Suppose -3*s + 184 + 578 = 0. What is the tens digit of s?
5
Suppose 5*v - 2*d - 125 - 91 = 0, 3*d = -2*v + 94. Suppose 0 = 4*f - 10 - 2. Suppose -f*u = u - v. What is the tens digit of u?
1
Let n(f) = -f**2 + 10*f**2 + 1 + 5*f**2 + 12*f**2. Let u be n(1). Suppose -o - u = -4*k, -3*o = 4*k - 0*o - 31. What is the units digit of k?
7
Suppose -4*l = -3*i + 7, -4*l = -3*i + i + 2. Suppose -8 = l*a - 3*a. What is the units digit of a?
8
Suppose 10 = -5*m, 4*x - 3*m - 156 = -x. What is the units digit of x?
0
What is the hundreds digit of (-14*(-3)/(-9))/(1/(-39))?
1
Let w = 21 - 13. Let p = w - 5. Suppose -4*r = p*s - 33, -r - 2*s - 8 = 2*s. What is the tens digit of r?
1
Suppose -g = 4*g - 165. What is the tens digit of g?
3
Suppose -5 = a + 4*s, 4*s + 2 = -2. Let p(n) = -n + 2. Let j be p(4). What is the units digit of 2*(j/4 - a)?
1
Let o(g) = -g - 1. Let f(t) = t + 2. Let y(x) = -2*f(x) - 3*o(x). Let z be y(3). Suppose 8 = -z*p, s + 6*p + 5 = 3*p. What is the units digit of s?
7
Let v = -8 + 10. Suppose 0 = 3*r + 4 - 13. Suppose -b = r*q + v*b, -5*q - b = -8. What is the units digit of q?
2
Suppose -5*f + 62 = 3*k - 120, 0 = -4*f + 4*k + 152. Let x = f + -14. What is the tens digit of x?
2
Let a(v) = 65*v. What is the hundreds digit of a(3)?
1
Suppose -17*y + 2795 = -4*y. What is the tens digit of y?
1
Let s(p) = -p + 4. Suppose -y + 4*y = -3. Let g = y + 4. What is the units digit of s(g)?
1
Suppose 2*b = 4*b + o - 22, -5*o + 20 = b. Let m = b + -9. Let k(q) = 11*q**3 + 2*q**2 - 2*q + 1. What is the tens digit of k(m)?
1
Let k = -9 - -5. Let b = -4 - k. Suppose b = 4*x + x - 20. What is the units digit of x?
4
Let f(s) = 1. Let g(i) = -9*i**2 + i - 2*i - 2 + 5. Let x(q) = 3*f(q) - g(q). What is the units digit of x(-1)?
8
Let l(a) = -2*a**2 - 2*a. Let i be l(-2). What is the units digit of (4 + -3)*i/(-4)?
1
Let n(p) = -p - 3. Let l be n(0). Let b(y) = 3*y**2 - 2*y. Let r be b(l). Let v = r - 19. What is the units digit of v?
4
Let p be (-3)/3*6/(-2). Suppose -p*m + 0*r - r = -29, 5*r - 41 = -2*m. What is the units digit of m?
8
Suppose 0 = 4*k + 8, 0*b + 2*k + 6 = b. Suppose -b*h = 2*u - 8, u - 5*h + 10 = 4*u. What is the units digit of u?
5
Let z(d) = 2*d**3 - 10*d**2 + 9*d - 3. Let w be z(6). Suppose 4*n = -x + 6 + 35, 3*x - w = 4*n. What is the tens digit of x?
4
Let v = 6 - -3. Suppose -2*q - q + v = 0. Suppose q*l - 35 = -2*l. What is the units digit of l?
7
Let i(v) = v**3 - 8*v**2 + 7*v + 4. Let s be i(7). Suppose -b = 4*b + s*r - 9